ber?
False
Is 18841 a prime number?
False
Is 144289 composite?
False
Is 16979 prime?
True
Is 2333 a prime number?
True
Is 6449 prime?
True
Is 15071 composite?
True
Is 659567 composite?
True
Is 13891 a composite number?
True
Is 136207 composite?
False
Is 225859 a prime number?
True
Is 26963 a prime number?
False
Is 277957 prime?
False
Is 1643 composite?
True
Is 3137 composite?
False
Is 1399 prime?
True
Is 124471 composite?
False
Is 561919 a composite number?
True
Is 347911 a prime number?
False
Is 654767 a prime number?
True
Is 70739 a prime number?
False
Is 65473 a prime number?
False
Is 81331 a composite number?
False
Is 3629 prime?
False
Is 55613 a composite number?
True
Is 2183 a composite number?
True
Is 1079419 composite?
True
Is 8465 a composite number?
True
Is 17539 prime?
True
Is 363587 composite?
True
Is 1337793 a composite number?
True
Is 389357 a prime number?
True
Is 3382465 a prime number?
False
Is 4327 a composite number?
False
Is 4703 prime?
True
Is 1935233 composite?
True
Is 90053 a prime number?
True
Is 958 prime?
False
Is 135919 prime?
False
Is 639511 composite?
False
Is 5218 composite?
True
Is 270021 a prime number?
False
Is 1403 a prime number?
False
Is 13963 a composite number?
False
Is 1675381 a composite number?
True
Is 76451 prime?
False
Is 269117 a prime number?
True
Is 50057 a prime number?
False
Is 51899 a composite number?
False
Is 9277 prime?
True
Is 36899 a composite number?
False
Is 1643 composite?
True
Is 188563 a prime number?
True
Is 8207 a prime number?
False
Is 593249 prime?
False
Is 116657 a composite number?
False
Is 188351 a prime number?
True
Is 10219 composite?
True
Is 38431 composite?
False
Is 29551 composite?
True
Is 348323 a prime number?
True
Is 203413 composite?
True
Is 323537 a composite number?
False
Is 9566 prime?
False
Is 484903 prime?
False
Is 20789 a composite number?
False
Is 2761 composite?
True
Is 1809113 composite?
False
Is 431 prime?
True
Is 2858423 a prime number?
True
Is 3419 a composite number?
True
Is 33559 composite?
True
Is 206341 prime?
True
Is 1147561 composite?
False
Is 312261 a composite number?
True
Is 160967 prime?
True
Is 45377 a composite number?
False
Is 34823 prime?
False
Is 5131 prime?
False
Is 1543 a prime number?
True
Is 20869 prime?
False
Is 83098 composite?
True
Is 64045 prime?
False
Is 19297 a prime number?
False
Is 184993 composite?
False
Is 1611173 composite?
True
Is 1414795 a prime number?
False
Is 5585 a prime number?
False
Is 281509 composite?
False
Is 86969 composite?
False
Is 11483 a prime number?
True
Is 1047 a prime number?
False
Is 235595 composite?
True
Is 65567 a composite number?
True
Is 1115 a prime number?
False
Is 251 composite?
False
Is 1589 a prime number?
False
Is 143329 composite?
False
Is 105941 composite?
True
Is 27883 a prime number?
True
Is 64217 composite?
False
Is 5119997 prime?
True
Is 414547 a prime number?
False
Is 4861 a composite number?
False
Is 242243 prime?
True
Is 269291 a composite number?
True
Is 250423 composite?
False
Is 66227 a prime number?
False
Is 17809 a composite number?
True
Is 11957 a composite number?
True
Is 1832819 composite?
False
Is 384589 prime?
True
Is 2664577 a composite number?
False
Is 794489 composite?
True
Is 129277 a prime number?
True
Is 895 prime?
False
Is 69035 a prime number?
False
Is 29897 a prime number?
False
Is 26077 a composite number?
True
Is 10427 composite?
False
Is 437219 composite?
False
Is 422953 prime?
False
Is 71223 a composite number?
True
Is 3247 prime?
False
Is 10267 composite?
False
Is 25561 a composite number?
False
Is 450137 composite?
False
Is 5779 composite?
False
Is 16811 a prime number?
True
Is 1835 prime?
False
Is 198013 a composite number?
False
Is 142169 a prime number?
True
Is 251555 prime?
False
Is 499123 a prime number?
False
Is 709817 prime?
True
Is 14243 a prime number?
True
Is 14903 composite?
True
Is 124385 a composite number?
True
Is 6109 prime?
False
Is 1931 composite?
False
Is 61262 a prime number?
False
Is 145045 a prime number?
False
Is 31013 prime?
True
Is 9287 a prime number?
False
Is 337361 prime?
True
Is 973631 a composite number?
False
Is 178091 a composite number?
False
Is 21953 prime?
False
Is 299941 prime?
True
Is 54617 a prime number?
True
Is 1252453 composite?
True
Is 68947 prime?
True
Is 19661 a prime number?
True
Is 473 a composite number?
True
Is 811787 a composite number?
True
Is 257783 prime?
True
Is 2333 prime?
True
Is 284957 a prime number?
True
Is 45943 composite?
False
Is 1002427 composite?
False
Is 34421 a composite number?
False
Is 10427 prime?
True
Is 124951 prime?
True
Is 28214 a composite number?
True
Is 3969679 a prime number?
False
Is 39929 prime?
True
Is 69302 a prime number?
False
Is 5437243 a composite number?
True
Is 1407687 a composite number?
True
Is 6913 a prime number?
False
Is 527729 a prime number?
True
Is 26821 prime?
True
Is 137821 prime?
False
Is 106531 prime?
True
Is 431077 composite?
False
Is 28349 a prime number?
True
Is 33809 a composite number?
False
Is 317887 a composite number?
False
Is 18182 composite?
True
Is 166819 composite?
True
Is 39779 a prime number?
True
Is 9299 a prime number?
False
Is 14699 a composite number?
False
Is 2267 prime?
True
Is 378017 a composite number?
True
Is 2503 composite?
False
Is 96431 a prime number?
True
Is 18787 a prime number?
True
Is 63983 a composite number?
True
Is 155921 composite?
False
Is 413 a prime number?
False
Is 62273 a composite number?
False
Is 1123139 composite?
True
Is 6509 composite?
True
Is 4073 composite?
False
Is 42787 prime?
True
Is 90067 composite?
False
Is 19667 composite?
True
Is 1299394 a prime number?
False
Is 51059 a prime number?
True
Is 42589 a prime number?
True
Is 518345 prime?
False
Is 45119 composite?
False
Is 13309 a prime number?
True
Is 2437 a composite number?
False
Is 149953 composite?
False
Is 10243 a composite number?
False
Is 22999 prime?
False
Is 126347 prime?
False
Is 16871 a prime number?
True
Is 56257 prime?
False
Is 2606473 composite?
False
Is 57091 a prime number?
False
Is 6941 a prime number?
False
Is 19711 a prime number?
False
Is 2569 a prime number?
False
Is 54413 a prime number?
True
Is 308663 a composite number?
False
Is 492641 a prime number?
True
Is 941719 a composite number?
True
Is 12605 composite?
True
Is 1736557 a prime number?
True
Is 350195 a prime number?
False
Is 80107 prime?
True
Is 22331 composite?
True
Is 868487 a prime number?
True
Is 11015 a composite number?
True
Is 81127 prime?
False
Is 326513 composite?
True
Is 6469 a prime number?
True
Is 1406327 a composite number?
True
Is 7279 a composite number?
True
Is 147607 composite?
False
Is 155 a composite number?
True
Is 4703 composite?
False
Is 13681 a composite number?
False
Is 2846 composite?
True
Is 21479 a prime number?
False
Is 168001 a composite number?
True
Is 156419 a composite number?
False
Is 447611 prime?
True
Is 51239 prime?
True
Is 6011 a prime number?
True
Is 26417 a prime number?
True
Is 274751 a composite number?
False
Is 61519 composite?
False
Is 18269 a prime number?
True
Is 673 prime?
True
Is 128713 a prime number?
False
Is 86069 prime?
True
Is 250853 a composite number?
False
Is 2411 a prime number?
True
Is 3011 prime?
True
Is 77761 composite?
False
Is 8731 composite?
False
Is 22009 composite?
True
Is 2411 a composite number?
False
Is 96211 a prime number?
True
Is 8674 prime?
False
Is 248333 a prime number?
False
Is 1677847 composite?
False
Is 108583 composite?
True
Is 7773 a prime number?
False
Is 94669 composite?
True
Is 675809 a prime number?
False
Is 64309 a prime number?
False
Is 51329 prime?
True
Is 368717 a composite number?
False
Is 1158059 a prime number?
False
Is 19861 composite?
False
Is 4909 a prime number?
True
Is 5779 a prime number?
True
Is 233867 prime?
False
Is 16015 a prime number?
False
Is 373 a prime number?
True
Is 775567 prime?
False
Is 17049 a prime number?
False
Is 45635 a composite number?
True
Is 579929 prime?
False
Is 23891 composite?
True
Is 14765 prime?
False
Is 305293 a composite number?
True
Is 377 composite?
True
Is 313667 composite?
True
Is 2963 composite?
False
Is 14969 prime?
True
Is 475489 a prime number?
False
Is 1469 a prime number?
False
Is 36833 a composite number?
False
Is 54287 composite?
False
Is 289409 prim